**2 - 5*y + 1. List the prime factors of u(j).
7
Let z(b) = 2*b**2 - b + 3. Let r be z(-3). Suppose 2*w = -w + r. Suppose -w = -m - m. List the prime factors of m.
2
Let m(q) = -2*q**3 - 5*q**2 - 5*q - 3. Let l = -11 - -8. What are the prime factors of m(l)?
3, 7
Let u = 57 - 8. What are the prime factors of u?
7
Suppose -5*i + 4*q = -35, 2*q - q = 3*i - 14. List the prime factors of -25*-2*i/10.
3, 5
Let l(w) = -2*w + 6. List the prime factors of l(-12).
2, 3, 5
Let k be (-18)/4*(-7 + 1). Suppose v - k = -0*v. What are the prime factors of v?
3
Let o = 11 + -6. Suppose -1 = 2*f + 5, 165 = 5*g - o*f. List the prime factors of (g/25)/(2/10).
2, 3
Suppose 0 = -4*u + 91 + 537. List the prime factors of u.
157
Let c(y) = -2*y + 53. List the prime factors of c(-12).
7, 11
Let c = 24 - 20. Suppose -b - b = -2*v + 24, 3*b + 52 = c*v. What are the prime factors of v?
2
Let k(u) = -12*u**3 - 13*u**2 - 4*u. What are the prime factors of k(-3)?
3, 73
Suppose -2*c - 2*c + 4*m + 8 = 0, 8 = 4*c + m. Suppose -6*z = -c*z - 28. What are the prime factors of z?
7
Suppose 4*x - 5*l + 2*l = -13, 5*x + 5*l + 25 = 0. Let a = 4 - x. List the prime factors of a.
2
Let b = 15 - 25. List the prime factors of b/15 - 131/(-3).
43
Suppose 0 = -5*q + 11 - 1. Let u(l) = 2*l + 32. Let t be u(-15). Suppose t*d + 2*s = 18, 5*d - q*s = -4*s + 57. List the prime factors of d.
13
Let z = -14 - -21. Let s(u) be the third derivative of -u**5/60 + 3*u**4/8 - u**3 + 5*u**2. What are the prime factors of s(z)?
2
Let q = 10 - 7. Suppose 18 = 4*l - 3*l - 5*j, -l + 4*j + 15 = 0. Suppose 2*k - 16 = -l*c + 3*k, q*c + 3*k - 36 = 0. What are the prime factors of c?
7
Suppose 0 = 10*r - 13*r + 999. What are the prime factors of r?
3, 37
Let q = 1 + 1. Suppose -q*v = 3*s - 14, -2*s + 6 + 0 = -2*v. What are the prime factors of s?
2
List the prime factors of (-20)/3*(-6)/5.
2
Let b(m) = -9*m - 2. Let q(k) = -4*k - 1. Let o(u) = -3*b(u) + 5*q(u). List the prime factors of o(1).
2
Let r = 14 + -10. List the prime factors of r.
2
What are the prime factors of -71*(0 + -6 + 4)?
2, 71
Suppose -3*q + 299 = 2*p - 0*p, -4*p - 412 = -4*q. List the prime factors of q.
101
Let p(q) = 11*q**3 - 2*q + 1. Let o = 7 + -6. What are the prime factors of p(o)?
2, 5
Let b be -15*(-3 + (-20)/(-6)). Let q be ((-4)/b)/((-6)/(-15)). Suppose q*u - 23 - 15 = 0. What are the prime factors of u?
19
Let t(b) = 4*b**2 - 2*b - 11. What are the prime factors of t(-4)?
61
Let w = -2 - 0. Let c be -2 + -1 + -9 - w. What are the prime factors of 50/4*(-8)/c?
2, 5
Suppose 1 = -5*r + 4*z, -3*r - 5*z + 29 = -0*z. What are the prime factors of r?
3
Suppose 2*q - 46 = 2*u - 0*u, 0 = 4*q + 4*u - 132. Suppose -o - 2*d + q = 2*o, -d + 17 = 2*o. What are the prime factors of o?
2, 3
Let l = -1 + 6. Suppose l*f + 3*v = 9, -3*f = -v + 6*v - 15. Let x = f + 2. What are the prime factors of x?
2
Let f(v) = -v**3 + 3*v**2 + v - 5. What are the prime factors of f(-4)?
103
Let p be 0 + 9 + 15/5. Suppose a + 3*z + z = p, -a = 2*z - 6. Suppose k - 1 - 11 = a. List the prime factors of k.
2, 3
Suppose -4*a - 72 = -240. What are the prime factors of a?
2, 3, 7
Suppose -4 = 7*t - 3*t. Let f = t - -16. List the prime factors of f.
3, 5
Let y(r) = -5*r**3 + 2*r + 1. What are the prime factors of y(-1)?
2
Let b be -3 + (1 - (-1 - 67)). Suppose 0 = -5*s + 22 + 18. List the prime factors of b/s + 1/(-4).
2
Let p be 1/(-3) - 2/(-6). Suppose p = -d - 2 + 25. Let f = -13 + d. List the prime factors of f.
2, 5
Let l = 76 - 43. Let r = l + -5. Suppose -d + 2*d = 5*a + 20, -2*d + 4*a = -r. What are the prime factors of d?
2, 5
Suppose -27 = -5*z + 3*x, -3*z = -6*z - 2*x + 1. Suppose 0*i + i = -2*o + 11, z*i + 31 = 2*o. List the prime factors of o.
2
Suppose -2 = -3*q - 4*s, -q + 2*s = 3*s. Let o = 0 - q. What are the prime factors of o?
2
Suppose 2*i + 2 = 362. What are the prime factors of i?
2, 3, 5
Suppose k - 1 = 1. Suppose -5*b - 2*r - r = -150, -3*r = 2*b - 60. Suppose k*z = 4*c - z - 35, -4*c - 2*z = -b. What are the prime factors of c?
2
Let x(u) = -u - 1. Let b be x(-3). Suppose -j = -b*j + 2. Suppose 2*r - c - 39 = -j*r, r - 5*c - 24 = 0. List the prime factors of r.
3
Suppose 5*h = -l - 7 + 1, 4*h = -8. List the prime factors of l.
2
Suppose 0*f + 2*f = 38. Suppose 4*z = j + 72, -2*z - 3*j = -f - 17. List the prime factors of z.
2, 3
Let l be 3*(-3)/6*-6. Let b be l + -1 - (-4)/(-2). Let z = b - 2. List the prime factors of z.
2
List the prime factors of (-26)/2*(-1 + 0).
13
Let k = -20 + 25. Let r = -27 + 42. Suppose -l - 2*c = -0*c + 1, 0 = k*l + 5*c - r. List the prime factors of l.
7
Suppose 37 - 5 = 4*d. Let c = -5 + d. Let x(u) = -u**3 + 2*u**2 + 5*u - 4. List the prime factors of x(c).
2
Suppose -4*l - 5*l + 315 = 0. List the prime factors of l.
5, 7
Let d = -10 + 4. What are the prime factors of 14 + 2/d*0?
2, 7
Let x(i) = -11*i - 65. What are the prime factors of x(-15)?
2, 5
Suppose 2*y - 66 - 44 = 0. Let g = y - 17. What are the prime factors of g?
2, 19
Let s(m) = -m**3 + 10*m**2 - 4*m + 20. What are the prime factors of s(9)?
5, 13
Suppose 4*y - 5 = 7. Let j = y - 3. Suppose j = k + 3*o + 2*o + 8, -3*k - o = -18. List the prime factors of k.
7
Suppose 3*u - 2*d - 53 = -0*u, -4*u + 65 = 3*d. What are the prime factors of u?
17
Suppose 0*n + 5*n + t = 16, 0 = 3*n + 4*t + 4. Suppose -n*g - 2*r = -48 - 78, -5*g = 4*r - 153. What are the prime factors of g?
3, 11
Let m = 149 + -70. What are the prime factors of m?
79
Suppose z = 3*z. Let l(k) = -k**3 - k**2 - 25. Let o be l(z). List the prime factors of 6/27 + o/(-9).
3
Let b = 77 + -55. List the prime factors of b.
2, 11
Suppose -3*x = -6*x + 117. What are the prime factors of x?
3, 13
Let z = 11 + 0. What are the prime factors of (-2)/z - 732/(-33)?
2, 11
Let n(f) = 10*f + 16. What are the prime factors of n(5)?
2, 3, 11
Suppose -2*j = j + 6. Let f(d) = 4*d**3 + 3*d**2 + 3*d + 2. Let i be f(j). List the prime factors of (i/28)/(2/(-14)).
2, 3
Let f be 4/(-18) - 164/(-9). Let v be 4/6*f*1. Suppose 5*d = -2 + v. List the prime factors of d.
2
Let d be (-30)/(-4)*48/(-30). What are the prime factors of 223/4 + d/16?
5, 11
Let l(m) = 2*m**2 + 3*m. Let b be l(-2). Suppose -o = 5*k - 85, 11 = -b*k - 2*o + 45. List the prime factors of k.
17
Let x = -5 + 11. Let m = x - 4. Suppose 2 - 12 = -m*u. What are the prime factors of u?
5
Suppose -2*w = -4*n - 204, 188 + 143 = 3*w - n. What are the prime factors of w?
2, 7
Let i(f) = -f**3 - 6*f**2 + 9. Let u be i(-7). Let n = u - 26. What are the prime factors of n?
2
Let t(d) = -d**3 + 7*d**2 - 7*d + 4. Let p be t(4). Let u(g) = 13*g - 4. Let l be u(4). Suppose -4*i + l = -4*j, 2*i + p = 4*i - j. List the prime factors of i.
2, 3
Let p = 1 + 0. Suppose 2*d + p = 3. Suppose -d = -2*f - 11, -2*f + 10 = 2*s. What are the prime factors of s?
2, 5
Let p(m) = 13*m**2 + 6*m - 13. What are the prime factors of p(3)?
2, 61
What are the prime factors of ((-8)/(-6))/((-2)/(-63))?
2, 3, 7
Suppose 2*x + 10 = 0, x = 3*p + 2*x - 7. Suppose 0 = -4*k + 3*o + 296, -7*k - 3*o = -3*k - 272. Suppose 17 + k = p*l. What are the prime factors of l?
2, 11
Suppose -3*t - 613 = -b - b, -4*t = -4*b + 1236. List the prime factors of b.
2, 157
Suppose 5*n - 12 = 2*n. Let x(c) = -c + 4*c - n*c + 2*c**2 + c**3. List the prime factors of x(1).
2
Suppose 2*t + 3*y - 179 = 0, 3*t - y = 4*y + 240. List the prime factors of t.
5, 17
List the prime factors of (-45)/(-2) - 2/(-4).
23
Suppose -3*y + 42 = g, -5*y - 4*g + 5 = -65. List the prime factors of y.
2, 7
Let u(a) = 3*a - 1. List the prime factors of u(1).
2
Let v = -10 - -15. Suppose 0 = u + 2*u - 6. Suppose v*s + u = c, -3*s - 21 = -2*c + 4. What are the prime factors of c?
17
Let w(y) = 58*y**2 - 5*y + 8. What are the prime factors of w(2)?
2, 5, 23
Let n(y) = -3*y**2 - 12*y - 1. Let z(u) = -5*u**2 - 23*u - 1. Let j(q) = 7*n(q) - 4*z(q). What are the prime factors of j(5)?
2, 3
Suppose 2*o - 130 = -5*j, 4*j - 150 = o - 46. List the prime factors of j.
2, 13
Suppose -5*z - 2*g + 12 = 0, -4*g + 0*g - 16 = 0. Suppose k - z*m = 29, 0*k - k - m = -4. What are the prime factors of k?
3
Let o be (-2)/(-4)*42*1. Suppose m - s - 2 = 1, -5*m + 2*s + o = 0. Suppose 3*t = l - 24, -l + 13 = -m*t - 19. What are the prime factors of l?
2, 3
